 - x*t - 116, 116 = 4*b - t. What are the prime factors of b?
29
Let b = -225 + 159. Let s = 0 - b. List the prime factors of s.
2, 3, 11
Suppose -2*c - 4*f + 56 = 0, -4*c + 2*f = -60 - 22. Let z = c + 6. Suppose 0*p + 4*m - z = -4*p, 0 = -3*p + m + 33. What are the prime factors of p?
2, 5
Let d be ((-330)/(-9))/((-5)/(-3) - 1). Let z = d - -88. What are the prime factors of z?
11, 13
Suppose 4*f + 21 = -11. Let n(y) = y**3 + 9*y**2 + 4*y - 2. List the prime factors of n(f).
2, 3, 5
List the prime factors of (33/9)/(1/(64 + 2)).
2, 11
Let d(r) = -r**3 - 5*r**2 - 2*r - 4. Let h be d(-5). Let y be 4/h + (-187)/(-3). Let v = -35 + y. List the prime factors of v.
2, 7
Suppose -4*p - 35 + 35 = 0. Suppose 3*n = -2 + 8. Suppose -c = n*l - 65, l + 4*c - 3*c - 31 = p. What are the prime factors of l?
2, 17
Let w(d) = -1. Let h(x) = -7*x - 24. Let u be 2/3*150/20. Let z(b) = u*w(b) + h(b). List the prime factors of z(-14).
3, 23
List the prime factors of (0 - (-3)/21) + 25072/112.
2, 7
Let l(h) = -h**3 - 2*h**2 - 3*h + 9. Let s be l(-4). Suppose 0 = -3*o - 2*c + 147 + s, 2*c = 5*o - 344. List the prime factors of o.
2, 17
Let r(l) = -5*l - 6. Suppose -4 = a - 22. Suppose 8*u = 6*u - a. List the prime factors of r(u).
3, 13
Suppose -5*s - 4*g = -0 - 34, 3*s = 3*g + 42. Suppose -2 - s = -a. Let y = a - 8. List the prime factors of y.
2
Let p(v) = 8*v**2 - 4*v - 12. Let h(n) = -7*n**2 + 4*n + 11. Let q(g) = -4*h(g) - 3*p(g). What are the prime factors of q(-4)?
2, 3
Suppose -15*r + 4*r + 2486 = 0. What are the prime factors of r?
2, 113
Let t(s) = 54*s**2 - 10*s + 4. List the prime factors of t(4).
2, 3, 23
Suppose 2*p - 77 = -2*x + 13, -5*p - 5 = 0. List the prime factors of (4 - 7/2)*x.
23
Suppose -4 = -3*s + 2. Suppose -s = c, -4*v = -2*v + 3*c + 14. Let u(b) = b**3 + 5*b**2 + b + 1. What are the prime factors of u(v)?
13
Suppose 4*j = 23 + 65. Suppose w - 128 + j = 0. What are the prime factors of w?
2, 53
Suppose 4137 = -29*f + 36*f. What are the prime factors of f?
3, 197
Suppose -326 = 3*j - 5*l, -595 = 5*j + l + l. List the prime factors of 2/(j/123 - -1).
41
Suppose -5*j + 1888 = -j. List the prime factors of j.
2, 59
Let b(a) = -a**3 - 12*a**2 - a - 5. Let o = -5 - -5. Suppose -36 = -o*q + 3*q. What are the prime factors of b(q)?
7
Suppose 6*o - 100 = o. Let c = o - 9. Let w = c - 8. List the prime factors of w.
3
Suppose -2595 - 3863 = -3*p - 5*f, 5*f = p - 2166. List the prime factors of p.
2, 7, 11
Let y be 0/(-1 + -5) + (0 - -1). List the prime factors of (54 - 9/(-3))*y.
3, 19
Suppose 0 = -13*o + 18*o - 270. Let f = 77 - o. List the prime factors of f.
23
Let g = 28 + -7. Let f = -18 + g. Suppose -f*a + 86 + 40 = 0. List the prime factors of a.
2, 3, 7
List the prime factors of (-11 - -10)*(-204)/3.
2, 17
Suppose -8*t + 7019 = 2435. List the prime factors of t.
3, 191
Let w(h) = -94*h + 68. What are the prime factors of w(-40)?
2, 3, 11, 29
Suppose -116 = -13*y + 53. Suppose -p - 2*l + 1 = -l, -16 = 2*p - 4*l. Let o = y - p. What are the prime factors of o?
3, 5
Suppose -5*y = k + 40 - 102, -k + 12 = -5*y. Suppose k - 11 = b. What are the prime factors of b?
2, 13
Let o(g) = g**3 + 5*g**2 - 5*g + 8. Let l be o(-6). Suppose m - 4*t = 85, -l*t + 10 - 308 = -4*m. Let n = -32 + m. What are the prime factors of n?
41
Let k(q) = -q**3 + 5*q - 1. Let m be 5/(50/(-4)) + 108/(-30). What are the prime factors of k(m)?
43
Let o(t) = t**3 - 6*t**2 + 8*t. Let u(x) = -x - 1. Let s be u(-5). Let k be o(s). Let w(p) = p**2 - 2*p + 17. List the prime factors of w(k).
17
Suppose s = -2*z, -z - 2*z = 0. Suppose -2 - 5 = 2*l + 3*d, -l - 5*d - 7 = s. Let w = l - -6. List the prime factors of w.
2
Let h(k) = k + 3. Suppose -4*q - 16 = -3*a, 0*q = -2*q - 4*a + 14. Let w be h(q). Suppose -2*z - 20 = w*z, 5*z - 17 = -g. List the prime factors of g.
2, 3, 7
Suppose u = 30 + 1465. List the prime factors of u.
5, 13, 23
Suppose -31 = 2*g + 13. Let s = 92 - g. Suppose -6*d + 48 = -s. List the prime factors of d.
3
List the prime factors of 161/46*(-5844)/(-14).
3, 487
Suppose -2*p = 3*h - 0*h - 48, h + p = 17. Suppose 4*q - 18 = h. What are the prime factors of (4 - q)*3/(-6)?
2
Let h = -134 + 139. Suppose 21 = 3*k - 4*p - 605, p = h*k - 1066. What are the prime factors of k?
2, 107
Let c(m) = 23*m**2 + 1. Suppose 5*s + 4 = s + 4*a, 4*s - 3*a + 4 = 0. Let r be c(s). Let v = 18 + r. What are the prime factors of v?
2, 3, 7
Suppose -3*l + 612 = -0*l. Suppose v = -3*v + l. List the prime factors of v.
3, 17
Suppose -4*o + 3*h = 28, -2*o + 0*o + 3*h = 20. Let j be 2*((-14)/o + -3). Suppose 5 = q + j. List the prime factors of q.
2
Let c be (-3 - -9) + -1*3. Let b = c + 5. Let a = 0 + b. What are the prime factors of a?
2
Suppose 2*i + 3*m = -i - 297, -4*i + m - 416 = 0. Suppose -2*o = n + 37, 8*o = 4*n + 12*o + 148. Let d = n - i. What are the prime factors of d?
2, 3, 11
Let b(z) = z**2 - 3*z + 376. What are the prime factors of b(0)?
2, 47
Suppose -2*n = -p + 125 + 355, 3*p - 1434 = 3*n. List the prime factors of p.
2, 7, 17
Let x = 6 - 12. Let u(i) = -i**3 - 7*i**2 - 7*i - 6. Let h be u(x). Suppose h = 5*y - 334 + 94. List the prime factors of y.
2, 3
Let j(d) = -92*d - 9. Suppose -6*o + 35 - 47 = 0. List the prime factors of j(o).
5, 7
What are the prime factors of (1842 - 0)/(29 + -27)?
3, 307
Let v(x) = -x**2 - 7*x + 10. Let f be v(-4). Suppose 3*k + 12 = 0, -4*a + 0*k + 3*k = 0. What are the prime factors of a*f*(-7)/21?
2, 11
Let i = 41 - 75. Let n = i - -36. List the prime factors of n.
2
Suppose -g + 3 = 1. Suppose -m + 4 - g = 0. Suppose -j + m = -5. What are the prime factors of j?
7
Let s(b) = -3*b - 2. Let r be s(-2). Let m be 1 + (-12)/4 + 2*43. Suppose i + 111 = y + 4*y, 0 = -r*y + 2*i + m. What are the prime factors of y?
23
Let x(m) = 13*m + 34. Let v be x(-10). Let q = v - -184. What are the prime factors of q?
2, 11
Let a = 113 - 97. Suppose 52 = -4*d + 3*o, 82 - 17 = -5*d - 3*o. Let x = a + d. List the prime factors of x.
3
Suppose -1 + 11 = -5*s. List the prime factors of (s - 0)*(5 - 19).
2, 7
Let v = 2504 - 4964. List the prime factors of (-3)/(-7) - v/42.
59
Let q(z) = 67*z + 9. Let i be q(9). Suppose -43 - i = -5*g. What are the prime factors of g?
131
Let g(k) = k**3 - 14*k**2 + 27*k - 2. Let o(c) = 12*c - 12. Let l be o(2). List the prime factors of g(l).
2, 17
Let x(b) = b**2 + 7*b + 6. Let m be x(-7). Let f be (-1)/3*(-6 + m). Suppose 2*a - 4*v - 128 = -0*a, f = 4*v + 20. List the prime factors of a.
2, 3
Suppose -3*u = 4*p - 22, -3*p = -2*p - 4*u + 4. Let h(o) = o + 16. Let y be h(0). Let m = y - p. List the prime factors of m.
2, 3
Suppose 36*s - 31*s + 2515 = 0. Let t = -214 - s. What are the prime factors of t?
17
Let s(a) = -a**3 - 4*a**2 + 6*a + 4. Suppose 0*d = 2*d + 10. Let o be s(d). List the prime factors of 0/(-4) - (o - 11).
2, 3
Suppose -293*r + 306*r - 14612 = 0. List the prime factors of r.
2, 281
Let b = -35 + 46. Suppose 0 = -8*a + b*a - 258. List the prime factors of a.
2, 43
Let i be -2 + 5 + -1 + 130. Suppose i = 4*v + c - 5*c, -156 = -5*v + 2*c. What are the prime factors of v?
2, 3, 5
Suppose 2327 - 19631 = -7*r. List the prime factors of r.
2, 3, 103
List the prime factors of (-11)/(39/231 + 6/(-33)).
7, 11
What are the prime factors of 10/(-6) + ((-7986)/(-18) - 9)?
433
Let c(h) = -10*h + 27. Let r(x) = -21*x + 53. Let f(b) = 11*c(b) - 6*r(b). List the prime factors of f(6).
3, 5
Let s = -37 - -9. What are the prime factors of 759/9 + s/21?
83
Let h be 2/8 - (-351)/(-12). Let s = h - -32. Suppose -3*p - s*w = -2*w - 230, 4 = -4*w. List the prime factors of p.
7, 11
Let q = 243 + -113. Let h = 206 - q. What are the prime factors of h?
2, 19
Let a = 6 - 6. Suppose 3*c + 19 = 2*h - 2*c, -h + 2*c + 9 = a. Suppose -4*f - h = -187. List the prime factors of f.
3, 5
Let j be (0 - -1)*(-1 + 0). Suppose -2*h - 50 = 3*h. Let x = j - h. What are the prime factors of x?
3
Suppose 0 = -4*u + 16. Suppose 4*z - 68 - 340 = -3*j, -204 = -2*z - u*j. Suppose 0 = -5*x - 3*v - 0*v + z, -42 = -3*x + 3*v. List the prime factors of x.
2, 3
Let x(m) = 472*m - 148. List the prime factors of x(2).
2, 199
Suppose 253 - 28 = 5*a. Suppose -21*q + 64 = -13*q. Let d = a - q. What are the prime factors of d?
37
Suppose 0 = -4*t + 2*t + 2. Let r be